is the greatest common divisor of s and 14?
14
Let v be (-10)/6 - 1/3. Let h be -12 - v - (-3)/3. Let p be ((-28)/3)/(6/h). Calculate the greatest common factor of p and 112.
14
Let n(w) = -5 + 12 - 4 - 1 + w. Let f be (-1)/(-3) - 1/3. Let c be n(f). Calculate the highest common factor of 5 and c.
1
Let a(b) = -b + 13. Let i be a(-8). Let x(l) = l**2 + l. Let o be x(-2). Let y(t) = 6*t + 2. Let d be y(o). What is the highest common divisor of d and i?
7
Let x be -2*1/(-2) - 1. Suppose 3*m + x*m - 140 = -2*y, -m + 2*y = -36. What is the highest common factor of 4 and m?
4
Let q = 1 - -41. Suppose 2*r = 3*h + q, -5*r + 2*h = -2*h - 112. What is the greatest common factor of 216 and r?
24
Suppose 3*m + 5 = 29. Suppose m*a + 5*t - 430 = 3*a, t = 3*a - 274. Suppose -7*u = -2*u - a. What is the highest common divisor of 9 and u?
9
Let c be 42/(-4)*(-4)/(-6). Let u = -36 - -21. Let a = c - u. What is the greatest common factor of 32 and a?
8
Let i(y) = 8*y - 7. Let j be i(4). What is the highest common divisor of j and 25?
25
Let s be (6 + -3)*(-20)/6. Let n be (-3)/(6/s)*-4. Let o = n + 50. What is the greatest common factor of o and 45?
15
Let t be ((-14)/(-21) + 0)/(2/90). What is the highest common factor of 270 and t?
30
Let z = -120 + 182. Suppose -3*p + z = 5*u + p, -3*u - 2*p = -36. Let f(d) = -d**2 - 14*d - 8. Let o be f(-6). Calculate the greatest common divisor of o and u.
10
Let g = 4 + 0. Suppose -3*k = 4*d - 8, 2*k - g*d = k + 8. Calculate the greatest common factor of k and 28.
4
Suppose -3*j - 4*g = 71, 5*j + g + 44 = -46. Let d = 98 + j. Calculate the greatest common divisor of 27 and d.
27
Suppose -1 = 4*q - q - 2*n, -8 = 4*q - n. Let o be 3/((-88)/30 - q). What is the greatest common factor of o and 18?
9
Suppose -4*p = p - 135. Calculate the greatest common factor of 27 and p.
27
Let g(m) = 2*m + 9. Suppose 2*w + 3 = -5. Let j be g(w). Calculate the highest common factor of 7 and j.
1
Let q = 5 + 3. Suppose 4*i + 56 = 3*k, 2*k - 42 = 5*i - 0. What is the greatest common divisor of q and k?
8
Let c be (-6)/9 - 8/(-3). Let g be -34*c/(0 - -2). Let j be g/(-4) + 1/(-2). What is the greatest common factor of j and 2?
2
Suppose 0 = 5*k - 67 - 63. What is the highest common factor of 26 and k?
26
Let j(n) = -n**3 - 8*n**2 - 11*n + 9. Let b be j(-6). Suppose 6 + 0 = b*f. Calculate the greatest common divisor of 6 and f.
2
Suppose 0*k - k + 162 = 0. Suppose -o = d - 0*o - 15, 4*d - 57 = -5*o. Calculate the highest common factor of k and d.
18
Let c be ((-27)/6 - 0)*-16. Suppose -2*j = -j - c. Suppose 25 = 2*g + 9. What is the greatest common divisor of j and g?
8
Let q be (1/(-3) - (-8 - -8))*-63. Calculate the greatest common divisor of 189 and q.
21
Suppose m = 6*m - 120. Calculate the highest common divisor of m and 36.
12
Let b(c) = c**3 + 6*c**2 + 4*c. Let u be b(-5). Suppose 292 = u*h - 8. Calculate the greatest common factor of h and 12.
12
Suppose 0 = h - 5*h + 16. Let y(g) = -2*g - 4. Let n be y(-4). Calculate the greatest common factor of n and h.
4
Suppose -i - 3*o + 53 = 0, -2*i + o + 41 = -i. What is the highest common divisor of 110 and i?
22
Suppose 2*b = -2*c + 250, 3*c - 2*b - 2*b - 340 = 0. Calculate the greatest common factor of c and 24.
24
Let f = -1 + 7. Suppose 8*n - 132 = 6*n. What is the highest common factor of n and f?
6
Suppose -4*l - y - 16 = y, 0 = -2*y. Let f(t) be the third derivative of -t**4/8 + t**3/3 + t**2. Let q be f(l). What is the highest common divisor of 28 and q?
14
Let l(x) = -2*x + 4. Let f be l(-4). Calculate the highest common divisor of 24 and f.
12
Let w = 26 + -43. Let g = w + 28. What is the highest common divisor of 11 and g?
11
Suppose 2*v - 8 = 2*j, 8 = -0*v - 3*v - 2*j. Let s = 12 + v. What is the highest common factor of 4 and s?
4
Let l(v) = v - 5. Let s be l(8). Let t = 125 + -113. Calculate the highest common divisor of t and s.
3
Let w be 2 - (-3 - (1 - 4)). What is the highest common factor of 4 and w?
2
Let j = -7 + 11. Let b = -2 + j. Let r be (b - 10/4)*-26. What is the greatest common factor of 39 and r?
13
Let p(a) be the third derivative of -a**5/60 + a**4/8 + a**3/6 + 3*a**2. Let u be p(2). Suppose 21 - 3 = u*t. Calculate the greatest common divisor of t and 36.
6
Let w = -16 + 19. What is the greatest common factor of w and 24?
3
Let k be ((-12)/(-7))/(3/21). Suppose 0 = -3*h - 0*h - a - 65, 0 = -h + 5*a - 27. Let c = h - -154. What is the highest common divisor of k and c?
12
Suppose -5*i = -819 - 606. Suppose -4*u - s = -1077, -u + s = -4*s - i. Suppose -u = 3*c - 831. What is the highest common factor of 17 and c?
17
Let p(r) = r**2 - 7 - r + 5 - r. Let u be p(4). Calculate the greatest common divisor of 2 and u.
2
Let x = -113 + 209. Let q be 10 - (1/1)/(1/(-2)). Calculate the highest common factor of q and x.
12
Let q = -46 + 106. Let v(r) be the first derivative of r**3/3 - 2*r**2 + 3*r + 2. Let g be v(6). What is the greatest common factor of q and g?
15
Let a be (-13)/(-5) + (-8)/60*-3. Let z be 3/(6/20) - -2. What is the greatest common divisor of z and a?
3
Let w(b) = b + 1. Let t(q) = 2*q + 3. Let m(u) = -2*t(u) + 6*w(u). Let y be m(6). Let n = 7 + 5. Calculate the greatest common factor of n and y.
12
Let h(o) = o**3 + 4*o**2 + 5*o - 2. Let q be h(-4). Let m = 157 + q. Calculate the highest common factor of m and 15.
15
Suppose 2*n - 206 = -5*t, 2*n + 3*t = 2*t + 190. What is the greatest common factor of n and 31?
31
Let j = -108 + 165. What is the greatest common factor of j and 19?
19
Let p(n) = -3*n**2 - 5*n - 1. Let c(w) = -2*w**2 - 6*w - 1. Let j(v) = 2*c(v) - 3*p(v). Let d be j(-2). What is the highest common factor of 45 and d?
15
Let t(v) = -33*v. Let u be t(-1). What is the greatest common divisor of u and 3?
3
Let n = 86 + -18. What is the highest common factor of 17 and n?
17
Let a(g) = g**3 - 15*g**2 + g - 8. Let q be a(15). Suppose 5*x = q + 8. What is the greatest common divisor of x and 21?
3
Let p(x) = -8*x**2 + 7*x + 2*x**3 - 4*x**3 + 3*x**3 + 4. Let o be p(7). What is the highest common factor of o and 4?
4
Let p be -2 + (-1 - 0) + 3. Suppose -h + 2 + 2 = p. Let s = -41 + 69. What is the greatest common divisor of s and h?
4
Let i be (-2 - 5)*2/(-7). What is the highest common divisor of i and 8?
2
Let v = -15 + 18. Suppose 0*a - 4*a + 92 = 4*r, -5*a + 67 = v*r. What is the highest common divisor of r and 3?
3
Let c be 28/(-12)*3 + -1. Let x = 2 - c. Calculate the greatest common divisor of x and 20.
10
Let p = -8 - -10. Let u be -32*(33/(-12) + p). Calculate the greatest common divisor of 12 and u.
12
Suppose 3*l + 0 = 12. Suppose -l*x + 57 = -183. Calculate the highest common factor of x and 15.
15
Suppose -x + 61 = 5*k + x, x = 3. Suppose 0*b = -b + k. Suppose 10 = -2*r + 32. Calculate the highest common divisor of b and r.
11
Let v be 15/(1 + (-3)/4). Let o be ((-2)/(-4))/(1/v). Let x(d) = 2*d**2 - 3*d + 1. Let q be x(3). Calculate the highest common divisor of q and o.
10
Let f be 55/2 + 26/52. What is the greatest common factor of 8 and f?
4
Suppose 3*l - 405 = 4*o, 3*o = 4*l + 2*o - 540. Calculate the greatest common divisor of l and 54.
27
Suppose -y - 2*x = -18, 2*y + 0*y - 71 = 3*x. What is the greatest common factor of y and 224?
28
Let o = 264 - 168. What is the highest common divisor of 12 and o?
12
Let l = -13 - -14. Let z be (9/(-6))/(2/(-4)). Calculate the highest common divisor of l and z.
1
Suppose 0*o + 2*w = 3*o - 40, -4*o + 4*w + 52 = 0. What is the greatest common divisor of 28 and o?
14
Suppose 37*w - 56 = 30*w. Calculate the highest common divisor of w and 16.
8
Let b be (-1)/((-1)/2 + 3/12). Calculate the highest common factor of b and 4.
4
Suppose 0 = -4*r - 5*j + 25, -r - 3*j = -0*r - 1. Calculate the greatest common divisor of r and 50.
10
Let t(j) = -4*j**2 + j**3 + 3*j - 6 - 7*j**3 + 5*j**3. Let a be t(-5). What is the greatest common divisor of 4 and a?
4
Suppose -31*k + 1504 = -201. Let l(q) = -2*q**3 + 2*q**2 + q. Let a be l(-2). Calculate the greatest common factor of a and k.
11
Suppose -3*m + 24 = 2*y, -y - 4*y + 60 = 2*m. Let c = -7 + y. Calculate the highest common divisor of c and 2.
1
Let s(i) = -i**2 - 7*i + 8. Let f be s(-8). Let u be 30 - (f + -3 - -1). Let y = u + -16. What is the greatest co